= j**2 - 11*j + 11. What is the units digit of k(12)?
3
Let q be 1 + ((-24)/4)/(-3). Suppose 4*p + 7*z - 36 = 2*z, 4*p = q*z + 36. What is the units digit of p?
9
Suppose 3*b + z = -0 - 3, -2*b + z + 3 = 0. Suppose -5*j + 1 = -4*j. What is the tens digit of j - -1 - (b + -13)?
1
Let n be (-34)/3*(-3)/2. Suppose -5*f - n = 3. Let d = f + 5. What is the units digit of d?
1
Let j(r) = 10*r + 2. What is the units digit of j(7)?
2
Let y be (6 + -6)/(2 + 0). Suppose 0 = -y*w + 5*w - 125. Let x = w + -13. What is the tens digit of x?
1
Let i = 245 - 121. What is the hundreds digit of i?
1
Let b(h) = 2*h + 4 + 0 + h + h**2 - 1. What is the units digit of b(-5)?
3
Let g(b) = 4*b**2 + 4*b + 8. Let y(t) = 7*t**2 + 9*t + 15. Let u(o) = 5*g(o) - 3*y(o). What is the units digit of u(-4)?
7
Let a(x) = -306*x - 4. What is the tens digit of a(-1)?
0
Let s = -29 - -65. What is the units digit of s?
6
Suppose -5*k - 14 = 2*n - 3*n, k - 20 = -n. What is the tens digit of n?
1
Let i = 0 - -2. Suppose 0 = i*t - 9 - 35. What is the tens digit of t?
2
Let g(c) = -19*c - 1. Suppose -4*z + 10 = -2*y + z, 3*z - 12 = 0. Suppose -7*j - y = -2*j. What is the units digit of g(j)?
8
Suppose -6*l + 9*l - 3*u = 267, l - 93 = 2*u. What is the tens digit of l?
8
Suppose -3*g = -3*v - 531, g + 4*g - 3*v = 889. What is the units digit of g?
9
Let b be 0 + 3/3 + 4. Suppose -4*g - c = 38 - b, -g = -2*c + 15. Let j(w) = -w**3 - 10*w**2 - 10*w + 2. What is the units digit of j(g)?
1
Suppose 2 = -5*f - 23. Let z = f - -7. What is the units digit of z?
2
Let x = 2 - 35. What is the tens digit of 1/(2 + x/17)?
1
Let l(z) = z**2 - 9*z + 12. What is the units digit of l(10)?
2
Suppose -4*s - 23 = -a, 5*a - s - 85 = 4*s. What is the tens digit of a?
1
Suppose -o + 11 = -7. Suppose -3*d - 2 + 104 = 0. Let i = d - o. What is the tens digit of i?
1
Suppose q - 33 = -1. Suppose 2*l - 12 = 4*z, -3 + 1 = -2*z - l. What is the units digit of q/4 - (-3)/z?
5
What is the units digit of 2 + 2 + 3 + 1?
8
Let w(d) = -d**3 + 6*d**2 + 14*d - 8. Let z(a) = -2*a**3 + 12*a**2 + 29*a - 17. Let s(h) = 13*w(h) - 6*z(h). What is the units digit of s(7)?
5
Suppose -k = -5*y - 5, 2*y = -5*k - 3*y + 25. Suppose -k*h - 5*w - 5 = -0*w, 2*h + 6 = -3*w. What is the units digit of h?
3
Let z(x) = x**2 - 10*x + 9. Let l be z(7). Let v = l + 2. What is the units digit of (-6)/v*(3 - -2)?
3
What is the units digit of 0*2/8 - -24?
4
Let u be -1 - (3 + -5) - 2. Let r = 1 - u. What is the units digit of r?
2
Suppose 2 = -2*z + 8. What is the units digit of z?
3
Suppose 3*k = 7*k - 376. What is the tens digit of k?
9
Suppose -4*f - y + 149 = 51, -2*f + 58 = -4*y. What is the units digit of f?
5
Suppose -4*f = -2*f - 4. Let u be (-4)/f + 36 + 3. Suppose -u - 18 = -5*y. What is the tens digit of y?
1
Suppose 17*b = 12*b + 550. What is the units digit of b?
0
Suppose 3*d + 2*o = 5*d - 56, 3*o = 2*d - 52. Let b = d - 23. Let u = 18 - b. What is the units digit of u?
9
Let p be 13/(-2 + (-46)/(-22)). Suppose -35 = 4*w - p. Suppose w = 2*f + f. What is the units digit of f?
9
Suppose -4*j = 2*z - 165 - 51, -3*z = -2*j + 100. What is the tens digit of j?
5
Suppose 2*s - 2*d - 3*d - 93 = 0, -46 = -s + 2*d. What is the tens digit of s?
4
Suppose 153 = -6*j + 813. What is the units digit of j?
0
Let g be (-3 - -3 - 0)/3. Suppose 4*k - 2 = -f, -3*f + 2*k + 2*k + 38 = g. What is the tens digit of f?
1
Suppose 4*j + 0*j - 72 = 0. What is the units digit of j?
8
Let y(u) = -6*u - 1. Let i be y(3). Let l = i - -58. What is the units digit of l?
9
Let x be (-2)/(-4)*220/(-5). Let m = x - -38. What is the units digit of m?
6
Suppose -3*i = 2*y - 55, -65 = -4*y + 2*y - 5*i. What is the tens digit of y?
2
Let v = -77 - -34. What is the tens digit of 1/(-3) - v/3?
1
Let n(d) = -d**2 + 8*d + 13. Let h be n(9). Suppose -2*p - 34 = 2*o, o - 2*o - 12 = -h*p. Let l = o + 22. What is the units digit of l?
6
Suppose 4*l = -0*l + 48. Let r = -12 - -26. What is the units digit of (l/r)/((-4)/(-28))?
6
Suppose i - 4*u - 25 = 7, -3*i - 4*u = -64. Let v be (-4)/(i/(-9))*-8. Let r = v + 20. What is the units digit of r?
8
Let c(l) = -6*l + 6. What is the tens digit of c(-6)?
4
Suppose -2*i = 5*y - 48, 0*i - 2*i - 16 = -3*y. Let c = y + -3. Let o(x) = -x + 9. What is the units digit of o(c)?
4
Suppose 26 = 14*t - 12*t. What is the units digit of t?
3
Suppose 2*i - 2*r - 40 = 0, -4*i = 5*r - 92 + 3. Suppose 4*o - 5*n = o + i, 0 = -4*o + 5*n + 28. What is the units digit of o?
7
Let r(i) = -2 + 5*i**2 - 2 - i + 3 - 4*i**2. Let k = 0 + 4. What is the tens digit of r(k)?
1
Let c(y) = 3*y + 3*y + y**2 - 8 - 4*y. Let s be c(-6). Suppose -3*q = -5*q + 2*p, 0 = 4*p - s. What is the units digit of q?
4
Let k(b) = -b + 4. Let w be k(-4). Suppose 0*l = 2*l - w. Suppose x = -x + l. What is the units digit of x?
2
Suppose -5*y - 3*b = -7*b + 71, -28 = 4*y + 4*b. Let k = y + 21. Suppose 2*g + k = 34. What is the tens digit of g?
1
Suppose -3*m = 2*m - 50. Suppose 0*s + 3*s - 12 = 0. Suppose -2*z - m = -2*t, -t + 12 = t - s*z. What is the units digit of t?
4
Let o be (-3)/(-3) + (-57 - -4). Let c = o - -78. What is the units digit of c?
6
Suppose -2*f = -7*f + 25. Suppose -6*r + r = 0. Suppose -3*o = f*j + 3, -29 + r = -5*o + 3*j. What is the units digit of o?
4
Suppose 4*o - 5*k = -102, 2*k - k = 2. Let q = 53 + o. Let x = q + -10. What is the units digit of x?
0
Let d(z) = 2*z - 6. Let q be d(4). Suppose -49 = -2*b - 3*t, -216 + 88 = -5*b - q*t. What is the tens digit of b?
2
Suppose -5*y + 338 + 37 = 0. Suppose 5*d + 4*b = 127, y = d + 2*d + 2*b. What is the units digit of d?
3
Let k(m) = -m**2 + 9*m - 7. Let b be k(8). Let g be (1 - 0 - b)/2. Suppose 5*h - p - 28 = -g*p, h = p + 4. What is the units digit of h?
6
Suppose -4*i = v - 19, 0 = -2*i - 3*v - 0 - 3. Suppose -20 = -5*u - 5*d, 3*d = 3*u + 1 - 19. Suppose -u*a + 4 + i = 0. What is the units digit of a?
2
Let l(r) be the second derivative of 5*r**4/6 + r**3/3 - r**2/2 - 2*r. What is the tens digit of l(1)?
1
Let y(h) = h**3 + 6*h**2 - 7*h + 2. Let f(i) = -2*i + 1. Let v be f(4). What is the units digit of y(v)?
2
Let b = 4 - 6. Let w(c) = c**3 + 8*c**2 + 2*c + 8. Let m(l) = -2*l**3 - 15*l**2 - 4*l - 15. Let v(p) = 6*m(p) + 11*w(p). What is the units digit of v(b)?
2
Suppose 6 = h + 1. Suppose -z + h*f = z - 26, -4*f + 24 = 4*z. What is the units digit of z?
8
Let g(r) = -r**2 + 11*r - 8. Suppose -j + 5*l - 15 = 0, -20 = -0*j - 4*j + 4*l. Let m be g(j). What is the units digit of (-27)/(-4) - m/(-8)?
7
Let j = 1 + -1. Suppose 2*v - 18 - 14 = j. What is the units digit of v?
6
Let v = 4 - -20. What is the units digit of v?
4
Let q = 54 + -33. Let z = q - -13. What is the units digit of z?
4
Let w(u) = u**2 + u + 1. Let h be w(-2). Let q = 39 + h. Let z = -28 + q. What is the tens digit of z?
1
What is the units digit of (-8)/(-6)*18/4?
6
Let m be ((-2)/8)/((-4)/176). Suppose -m = -4*c - 3*f + 80, 4*c = 2*f + 66. What is the tens digit of c?
1
Let o = -22 - -109. What is the tens digit of o?
8
Let t be 429/15 + (-10)/(-25). Suppose -4 = -d + 2*n + 9, -2*d = -n - t. What is the units digit of d?
5
Suppose 24 + 16 = 5*t. What is the units digit of t?
8
Let j(k) = 4*k**3 + 28*k**2 - 23*k + 21. Let z(h) = h**3 + 9*h**2 - 8*h + 7. Let x(m) = 2*j(m) - 7*z(m). What is the units digit of x(6)?
7
What is the units digit of ((-1)/(-3))/((-6776)/1356 - -5)?
3
Let s(c) = -6*c**3 + 2*c**3 + 4*c**3 + 2*c**3 - 3*c**2. Suppose 2*r - q = 6*r - 9, -3*q + 3 = 0. What is the units digit of s(r)?
4
Let t = 15 + -6. What is the tens digit of -18*((-24)/t - -2)?
1
Let x(o) be the second derivative of -9/2*o**2 - 1/2*o**4 + 1/20*o**5 + 1/3*o**3 + 0 - 2*o. What is the units digit of x(6)?
3
Let q(d) = d**2 - 2*d + 2. Let r be q(4). Suppose 2*p - p = r. Let k = p - 5. What is the units digit of k?
5
Let z(f) = -f**2 + 7*f + 10. Let n be z(8). Suppose 2*x = -n*u + 10, 4*u = 4*x - 6 - 14. Suppose -2*s + 4*s - 14 = u. What is the units digit of s?
7
Let o = 44 + -18. Suppose 3*s + 2 = o. What is the units digit of s?
8
Let i = 27 - 14. Suppose 4*a - 3*a - i = 0. What is the units digit of a?
3
What is the units digit of 2 + (-1)/(-1 - 0)?
3
Let a(o) = -2*o**2 + 4*o + 2. Let d(u) = -2*u + 1. Let z be d(-2). Let m be a(z). What is the units d